{"id":9,"date":"2024-08-23T11:36:28","date_gmt":"2024-08-23T11:36:28","guid":{"rendered":"https:\/\/svak.se\/?page_id=9"},"modified":"2025-01-23T19:05:18","modified_gmt":"2025-01-23T19:05:18","slug":"trana-vallhund","status":"publish","type":"page","link":"https:\/\/svak.se\/index.php\/utbildning\/trana-vallhund\/","title":{"rendered":"Tr\u00e4na vallhund"},"content":{"rendered":"\n<div class=\"wp-block-group alignfull has-global-padding is-layout-constrained wp-block-group-is-layout-constrained\">\n<div class=\"wp-block-group is-vertical is-content-justification-center is-layout-flex wp-container-core-group-is-layout-3f63dfa1 wp-block-group-is-layout-flex\" style=\"padding-top:0\">\n<h2 class=\"wp-block-heading has-text-align-center is-style-default has-xx-large-font-size\">Tr\u00e4na vallhund<\/h2>\n\n\n\n<div style=\"height:0px\" aria-hidden=\"true\" class=\"wp-block-spacer wp-container-content-4f2ccadb\"><\/div>\n\n\n\n<h4 class=\"wp-block-heading has-text-align-center\">Svenska Vallhundsklubben har tillsammans med bland annat Svenska Kennelklubben, Djurskyddet Sverige, Svenska F\u00e5ravelsf\u00f6rbundet, och Lantbrukarnas Riksf\u00f6rbund tagit fram en policy f\u00f6r djurhantering vid vallningstr\u00e4ning. <\/h4>\n\n\n\n<h4 class=\"wp-block-heading has-text-align-center\">Du \u00e4r ansvarig f\u00f6r att k\u00e4nna till den policyn n\u00e4r du vallar.<\/h4>\n\n\n\n<div style=\"margin-top:0;margin-bottom:0;height:0px\" aria-hidden=\"true\" class=\"wp-block-spacer wp-container-content-43ce77df\"><\/div>\n<\/div>\n\n\n\n<figure data-wp-context=\"{&quot;imageId&quot;:&quot;69ec9c4a94b62&quot;}\" data-wp-interactive=\"core\/image\" data-wp-key=\"69ec9c4a94b62\" class=\"wp-block-image alignwide size-full wp-lightbox-container\"><img decoding=\"async\" width=\"1000\" height=\"610\" data-wp-class--hide=\"state.isContentHidden\" data-wp-class--show=\"state.isContentVisible\" data-wp-init=\"callbacks.setButtonStyles\" data-wp-on--click=\"actions.showLightbox\" data-wp-on--load=\"callbacks.setButtonStyles\" data-wp-on-window--resize=\"callbacks.setButtonStyles\" data-src=\"https:\/\/svak.se\/wp-content\/uploads\/2024\/10\/trana.jpg\" alt=\"Border collie vallar f\u00e5r.\" class=\"wp-image-325 lazyload\" data-srcset=\"https:\/\/svak.se\/wp-content\/uploads\/2024\/10\/trana.jpg 1000w, https:\/\/svak.se\/wp-content\/uploads\/2024\/10\/trana-300x183.jpg 300w, https:\/\/svak.se\/wp-content\/uploads\/2024\/10\/trana-768x468.jpg 768w\" data-sizes=\"(max-width: 1000px) 100vw, 1000px\" src=\"data:image\/svg+xml;base64,PHN2ZyB3aWR0aD0iMSIgaGVpZ2h0PSIxIiB4bWxucz0iaHR0cDovL3d3dy53My5vcmcvMjAwMC9zdmciPjwvc3ZnPg==\" style=\"--smush-placeholder-width: 1000px; --smush-placeholder-aspect-ratio: 1000\/610;\" \/><button\n\t\t\tclass=\"lightbox-trigger\"\n\t\t\ttype=\"button\"\n\t\t\taria-haspopup=\"dialog\"\n\t\t\taria-label=\"F\u00f6rstora\"\n\t\t\tdata-wp-init=\"callbacks.initTriggerButton\"\n\t\t\tdata-wp-on--click=\"actions.showLightbox\"\n\t\t\tdata-wp-style--right=\"state.imageButtonRight\"\n\t\t\tdata-wp-style--top=\"state.imageButtonTop\"\n\t\t>\n\t\t\t<svg xmlns=\"http:\/\/www.w3.org\/2000\/svg\" width=\"12\" height=\"12\" fill=\"none\" viewBox=\"0 0 12 12\">\n\t\t\t\t<path fill=\"#fff\" d=\"M2 0a2 2 0 0 0-2 2v2h1.5V2a.5.5 0 0 1 .5-.5h2V0H2Zm2 10.5H2a.5.5 0 0 1-.5-.5V8H0v2a2 2 0 0 0 2 2h2v-1.5ZM8 12v-1.5h2a.5.5 0 0 0 .5-.5V8H12v2a2 2 0 0 1-2 2H8Zm2-12a2 2 0 0 1 2 2v2h-1.5V2a.5.5 0 0 0-.5-.5H8V0h2Z\" \/>\n\t\t\t<\/svg>\n\t\t<\/button><\/figure>\n\n\n\n<div class=\"wp-block-group alignfull has-base-2-background-color has-background has-global-padding is-layout-constrained wp-container-core-group-is-layout-669513ed wp-block-group-is-layout-constrained\" style=\"margin-top:0;margin-bottom:0;padding-top:var(--wp--preset--spacing--50);padding-right:var(--wp--preset--spacing--50);padding-bottom:var(--wp--preset--spacing--50);padding-left:var(--wp--preset--spacing--50)\">\n<div class=\"wp-block-group is-vertical is-content-justification-center is-layout-flex wp-container-core-group-is-layout-52b864f0 wp-block-group-is-layout-flex\">\n<h2 class=\"wp-block-heading has-text-align-center is-style-asterisk\">Ditt ansvar att k\u00e4nna till<\/h2>\n\n\n\n<div style=\"height:0px\" aria-hidden=\"true\" class=\"wp-block-spacer wp-container-content-4f2ccadb\"><\/div>\n\n\n\n<p class=\"has-text-align-center\">H\u00e4r kommer n\u00e5gra axplock ut policyn f\u00f6r djurhantering vid vallningstr\u00e4ning av hund.<\/p>\n\n\n\n<div style=\"height:39px\" aria-hidden=\"true\" class=\"wp-block-spacer wp-container-content-d5d6ef74\"><\/div>\n\n\n\n<div class=\"wp-block-group is-horizontal is-content-justification-center is-layout-flex wp-container-core-group-is-layout-4f6f85ca wp-block-group-is-layout-flex\">\n<div class=\"wp-block-buttons is-layout-flex wp-block-buttons-is-layout-flex\">\n<div class=\"wp-block-button has-custom-font-size has-medium-font-size\"><a class=\"wp-block-button__link wp-element-button\" href=\"https:\/\/svak.se\/wp-content\/uploads\/2024\/10\/Policy_for_djurhantering_2021.pdf\">L\u00e4s hela policyn h\u00e4r (pdf)<\/a><\/div>\n<\/div>\n\n\n\n<div class=\"wp-block-buttons is-layout-flex wp-block-buttons-is-layout-flex\">\n<div class=\"wp-block-button has-custom-font-size has-medium-font-size\"><a class=\"wp-block-button__link wp-element-button\" href=\"https:\/\/svak.se\/wp-content\/uploads\/2024\/10\/far-att-valla-pa.pdf\">L\u00e4mpliga f\u00e5r att valla p\u00e5 (pdf)<\/a><\/div>\n<\/div>\n<\/div>\n<\/div>\n\n\n\n<div style=\"margin-top:0;margin-bottom:0;height:29px\" aria-hidden=\"true\" class=\"wp-block-spacer\"><\/div>\n\n\n\n<div class=\"wp-block-columns alignwide is-layout-flex wp-container-core-columns-is-layout-d0bbbce0 wp-block-columns-is-layout-flex\">\n<div class=\"wp-block-column is-layout-flow wp-container-core-column-is-layout-e3d1c41b wp-block-column-is-layout-flow\">\n<h4 class=\"wp-block-heading has-text-align-center is-style-asterisk\">Respekt och v\u00e4lf\u00e4rd<\/h4>\n\n\n\n<p>F\u00f6r att kunna pr\u00f6va en hund p\u00e5 vallhundsprov och d\u00e4refter anv\u00e4nda dem vid praktisk vallning kr\u00e4vs omfattande tr\u00e4ning. <br>Denna tr\u00e4ning m\u00e5ste alltid genomf\u00f6ras p\u00e5 s\u00e5dant s\u00e4tt att de vallade djurens v\u00e4lf\u00e4rd garanteras.<\/p>\n\n\n\n<p class=\"has-text-align-left\">Oavsett orsak till att vallningstr\u00e4ning med hund sker \u00e4r det viktigt att djuren i alla sammanhang hanteras enligt g\u00e4llande lagar och med respekt f\u00f6r djuren som levande individer.<\/p>\n<\/div>\n\n\n\n<div class=\"wp-block-column is-layout-flow wp-container-core-column-is-layout-e3d1c41b wp-block-column-is-layout-flow\">\n<h4 class=\"wp-block-heading has-text-align-center is-style-asterisk\">Tr\u00e4ningsplatsen<\/h4>\n\n\n\n<p>Risk f\u00f6r olyckor f\u00f6r de vallade djuren ska f\u00f6rebyggas.<br>Detta g\u00f6rs bland annat genom att<br>platsen f\u00f6r vallningstr\u00e4ning \u00e4r l\u00e4mplig med avseende p\u00e5 st\u00e4ngsel och eventuella hinder.<\/p>\n\n\n\n<h4 class=\"wp-block-heading has-text-align-center is-style-asterisk\">De vallade djuren<\/h4>\n\n\n\n<p class=\"has-text-align-left\">ska vara i god kondition, det vill s\u00e4ga vara i normalhull och friska, s\u00e5 att de klarar av att bli vallade utan att p\u00e5frestas.<\/p>\n<\/div>\n\n\n\n<div class=\"wp-block-column is-layout-flow wp-container-core-column-is-layout-e3d1c41b wp-block-column-is-layout-flow\">\n<h4 class=\"wp-block-heading has-text-align-center is-style-asterisk\">F\u00f6raren<\/h4>\n\n\n\n<p class=\"has-text-align-left\">ska ha erfarenhet av vallningstr\u00e4ning, om s\u00e5dan saknas m\u00e5ste en erfaren instrukt\u00f6r finnas med vid tr\u00e4ningssituationen.<br>Samtliga tr\u00e4nare och instrukt\u00f6rer som leder tr\u00e4ning i Sverige ska ha genomg\u00e5tt l\u00e4mplig grundutbildning i djurskydd.<\/p>\n\n\n\n<h4 class=\"wp-block-heading has-text-align-center is-style-asterisk\">Djur\u00e4garen<\/h4>\n\n\n\n<p class=\"has-text-align-left\">har det yttersta ansvaret f\u00f6r god djurhantering n\u00e4r vallningstr\u00e4ning sker p\u00e5 djur\u00e4garens djur.<\/p>\n<\/div>\n<\/div>\n\n\n\n<div style=\"height:var(--wp--preset--spacing--20)\" aria-hidden=\"true\" class=\"wp-block-spacer\"><\/div>\n<\/div>\n<\/div>\n","protected":false},"excerpt":{"rendered":"<p>Tr\u00e4na vallhund Svenska Vallhundsklubben har tillsammans med bland annat Svenska Kennelklubben, Djurskyddet Sverige, Svenska F\u00e5ravelsf\u00f6rbundet, och Lantbrukarnas Riksf\u00f6rbund tagit fram en policy f\u00f6r djurhantering vid vallningstr\u00e4ning. Du \u00e4r ansvarig f\u00f6r att k\u00e4nna till den policyn n\u00e4r du vallar. Ditt ansvar att k\u00e4nna till H\u00e4r kommer n\u00e5gra axplock ut policyn f\u00f6r djurhantering vid vallningstr\u00e4ning av hund. [&hellip;]<\/p>\n","protected":false},"author":2,"featured_media":0,"parent":23,"menu_order":0,"comment_status":"closed","ping_status":"closed","template":"page-no-title","meta":{"_view_id":"","footnotes":""},"class_list":["post-9","page","type-page","status-publish","hentry"],"_links":{"self":[{"href":"https:\/\/svak.se\/index.php\/wp-json\/wp\/v2\/pages\/9","targetHints":{"allow":["GET"]}}],"collection":[{"href":"https:\/\/svak.se\/index.php\/wp-json\/wp\/v2\/pages"}],"about":[{"href":"https:\/\/svak.se\/index.php\/wp-json\/wp\/v2\/types\/page"}],"author":[{"embeddable":true,"href":"https:\/\/svak.se\/index.php\/wp-json\/wp\/v2\/users\/2"}],"replies":[{"embeddable":true,"href":"https:\/\/svak.se\/index.php\/wp-json\/wp\/v2\/comments?post=9"}],"version-history":[{"count":10,"href":"https:\/\/svak.se\/index.php\/wp-json\/wp\/v2\/pages\/9\/revisions"}],"predecessor-version":[{"id":11139,"href":"https:\/\/svak.se\/index.php\/wp-json\/wp\/v2\/pages\/9\/revisions\/11139"}],"up":[{"embeddable":true,"href":"https:\/\/svak.se\/index.php\/wp-json\/wp\/v2\/pages\/23"}],"wp:attachment":[{"href":"https:\/\/svak.se\/index.php\/wp-json\/wp\/v2\/media?parent=9"}],"curies":[{"name":"wp","href":"https:\/\/api.w.org\/{rel}","templated":true}]}}