{"id":15,"date":"2024-08-23T11:39:51","date_gmt":"2024-08-23T11:39:51","guid":{"rendered":"https:\/\/svak.se\/?page_id=15"},"modified":"2025-04-14T09:45:12","modified_gmt":"2025-04-14T07:45:12","slug":"kopa-vallhund","status":"publish","type":"page","link":"https:\/\/svak.se\/index.php\/vallhunden\/kopa-vallhund\/","title":{"rendered":"K\u00f6pa vallhund"},"content":{"rendered":"\n<div class=\"wp-block-group alignfull has-contrast-color has-text-color has-link-color wp-elements-5b9851eadae2914922a38956be022e93 has-global-padding is-layout-constrained wp-container-core-group-is-layout-7f816e57 wp-block-group-is-layout-constrained\" style=\"margin-top:0;margin-bottom:0;padding-top:var(--wp--preset--spacing--40);padding-right:var(--wp--preset--spacing--40);padding-bottom:var(--wp--preset--spacing--40);padding-left:var(--wp--preset--spacing--40)\">\n<div class=\"wp-block-group alignfull has-base-background-color has-background has-global-padding is-content-justification-center is-layout-constrained wp-block-group-is-layout-constrained\" style=\"margin-top:0;margin-bottom:0;padding-top:var(--wp--preset--spacing--40);padding-bottom:var(--wp--preset--spacing--40)\">\n<h1 class=\"wp-block-heading has-text-align-left has-contrast-color has-text-color has-link-color has-xx-large-font-size wp-elements-4316a223c51885dc746a8512d3e01daf\">K\u00f6pa Vallhund<\/h1>\n\n\n\n<div style=\"height:15px\" aria-hidden=\"true\" class=\"wp-block-spacer\"><\/div>\n\n\n\n<div class=\"wp-block-columns are-vertically-aligned-bottom is-layout-flex wp-container-core-columns-is-layout-690f6df8 wp-block-columns-is-layout-flex\" style=\"margin-top:0;margin-bottom:0;padding-top:0;padding-right:0;padding-bottom:0;padding-left:0\">\n<div class=\"wp-block-column is-vertically-aligned-bottom is-layout-flow wp-block-column-is-layout-flow\" style=\"flex-basis:60%\">\n<figure data-wp-context=\"{&quot;imageId&quot;:&quot;69ec9cc41df3e&quot;}\" data-wp-interactive=\"core\/image\" data-wp-key=\"69ec9cc41df3e\" class=\"wp-block-image aligncenter size-full is-resized wp-lightbox-container\"><img decoding=\"async\" width=\"640\" height=\"480\" data-wp-class--hide=\"state.isContentHidden\" data-wp-class--show=\"state.isContentVisible\" data-wp-init=\"callbacks.setButtonStyles\" data-wp-on--click=\"actions.showLightbox\" data-wp-on--load=\"callbacks.setButtonStyles\" data-wp-on-window--resize=\"callbacks.setButtonStyles\" data-src=\"https:\/\/svak.se\/wp-content\/uploads\/2024\/08\/valprad-kopia.jpg\" alt=\"valprad\" class=\"wp-image-86 lazyload\" style=\"--smush-placeholder-width: 640px; --smush-placeholder-aspect-ratio: 640\/480;width:680px;height:auto\" data-srcset=\"https:\/\/svak.se\/wp-content\/uploads\/2024\/08\/valprad-kopia.jpg 640w, https:\/\/svak.se\/wp-content\/uploads\/2024\/08\/valprad-kopia-300x225.jpg 300w\" data-sizes=\"(max-width: 640px) 100vw, 640px\" src=\"data:image\/svg+xml;base64,PHN2ZyB3aWR0aD0iMSIgaGVpZ2h0PSIxIiB4bWxucz0iaHR0cDovL3d3dy53My5vcmcvMjAwMC9zdmciPjwvc3ZnPg==\" \/><button\n\t\t\tclass=\"lightbox-trigger\"\n\t\t\ttype=\"button\"\n\t\t\taria-haspopup=\"dialog\"\n\t\t\taria-label=\"F\u00f6rstora\"\n\t\t\tdata-wp-init=\"callbacks.initTriggerButton\"\n\t\t\tdata-wp-on--click=\"actions.showLightbox\"\n\t\t\tdata-wp-style--right=\"state.imageButtonRight\"\n\t\t\tdata-wp-style--top=\"state.imageButtonTop\"\n\t\t>\n\t\t\t<svg xmlns=\"http:\/\/www.w3.org\/2000\/svg\" width=\"12\" height=\"12\" fill=\"none\" viewBox=\"0 0 12 12\">\n\t\t\t\t<path fill=\"#fff\" d=\"M2 0a2 2 0 0 0-2 2v2h1.5V2a.5.5 0 0 1 .5-.5h2V0H2Zm2 10.5H2a.5.5 0 0 1-.5-.5V8H0v2a2 2 0 0 0 2 2h2v-1.5ZM8 12v-1.5h2a.5.5 0 0 0 .5-.5V8H12v2a2 2 0 0 1-2 2H8Zm2-12a2 2 0 0 1 2 2v2h-1.5V2a.5.5 0 0 0-.5-.5H8V0h2Z\" \/>\n\t\t\t<\/svg>\n\t\t<\/button><\/figure>\n<\/div>\n\n\n\n<div class=\"wp-block-column is-vertically-aligned-bottom is-layout-flow wp-block-column-is-layout-flow\" style=\"padding-right:var(--wp--preset--spacing--30);padding-left:var(--wp--preset--spacing--30);flex-basis:40%\">\n<div class=\"wp-block-group has-global-padding is-layout-constrained wp-block-group-is-layout-constrained\">\n<p>Vi hoppas kunna hj\u00e4lpa dig att hitta din nya arbetskamrat \u2013 en duktig och trogen vallhund \u2013 ett resultat av m\u00e5nga generationers m\u00e5lmedveten avel p\u00e5 arbetande hundar. <\/p>\n\n\n\n<p>De hundar som finns p\u00e5 v\u00e5r valpf\u00f6rmedling ligger p\u00e5 vallreg. Kraven \u00e4r att b\u00e4gge f\u00f6r\u00e4ldrarna ska ha minst Godk\u00e4nt vallhundsprov.<\/p>\n\n\n\n<div class=\"wp-block-buttons is-layout-flex wp-block-buttons-is-layout-flex\">\n<div class=\"wp-block-button has-custom-font-size\" style=\"font-size:clamp(14px, 0.875rem + ((1vw - 3.2px) * 0.417), 18px);\"><a class=\"wp-block-button__link has-base-2-color has-custom-svakgr-n-background-color has-text-color has-background has-link-color wp-element-button\" href=\"https:\/\/vallreg.se\/dog-adverts\">Hundar till salu (vallreg)<\/a><\/div>\n<\/div>\n\n\n\n<div class=\"wp-block-buttons is-layout-flex wp-block-buttons-is-layout-flex\">\n<div class=\"wp-block-button has-custom-font-size\" style=\"font-size:clamp(14px, 0.875rem + ((1vw - 3.2px) * 0.417), 18px);\"><a class=\"wp-block-button__link has-base-2-color has-custom-svakgr-n-background-color has-text-color has-background has-link-color has-text-align-left wp-element-button\" href=\"https:\/\/svak.se\/wp-content\/uploads\/2024\/09\/infor-valpkopet.pdf\">goda r\u00e5d fr\u00e5n erfaren vallhunds\u00e4gare (pdf)<\/a><\/div>\n<\/div>\n<\/div>\n<\/div>\n<\/div>\n<\/div>\n\n\n\n<div style=\"height:43px\" aria-hidden=\"true\" class=\"wp-block-spacer\"><\/div>\n\n\n\n<div class=\"wp-block-group has-base-color has-custom-svakgr-n-background-color has-text-color has-background has-link-color wp-elements-44d597ad80b8f0b4bdf6aff3bf02a8f5 has-global-padding is-layout-constrained wp-container-core-group-is-layout-d89aad35 wp-block-group-is-layout-constrained\" style=\"margin-top:0;margin-bottom:0;padding-top:var(--wp--preset--spacing--50);padding-right:var(--wp--preset--spacing--50);padding-bottom:var(--wp--preset--spacing--50);padding-left:var(--wp--preset--spacing--50)\">\n<h2 class=\"wp-block-heading alignwide has-base-color has-text-color has-link-color wp-elements-2d43c9253bf3b99bd189be2c21461195\" style=\"font-size:clamp(29.768px, 1.861rem + ((1vw - 3.2px) * 2.316), 52px);letter-spacing:-0.02em\">Vanliga fr\u00e5gor<\/h2>\n\n\n\n<div class=\"wp-block-group alignwide is-layout-flow wp-block-group-is-layout-flow\">\n<hr class=\"wp-block-separator has-text-color has-base-color has-alpha-channel-opacity has-base-background-color has-background is-style-wide\" style=\"margin-top:var(--wp--preset--spacing--30);margin-bottom:var(--wp--preset--spacing--30)\"\/>\n\n\n\n<h3 class=\"wp-block-heading alignwide has-base-2-color has-text-color has-link-color wp-elements-35932620b906bb34b9a14b3ffe1726ce\">S\u00f6ker du en hund avlad f\u00f6r vallning?<\/h3>\n\n\n\n<p class=\"has-contrast-1-color has-text-color has-link-color wp-elements-efa8269a0b86ef9d2ffd866ecf22dab3\">V\u00e5ra uppf\u00f6dare s\u00e4ljer endast valpar d\u00e4r b\u00e5da f\u00f6r\u00e4ldrarna \u00e4r godk\u00e4nda vallhundar. Det vill s\u00e4ga att f\u00f6r\u00e4ldrarna minst har titeln Godk\u00e4nd Vallhund.<\/p>\n\n\n\n<hr class=\"wp-block-separator has-text-color has-base-color has-alpha-channel-opacity has-base-background-color has-background is-style-wide\" style=\"margin-top:var(--wp--preset--spacing--30);margin-bottom:var(--wp--preset--spacing--30)\"\/>\n\n\n\n<h3 class=\"wp-block-heading alignwide has-base-2-color has-text-color has-link-color wp-elements-a243587d0d7ebd095bdd5f3a7857e947\">Vilken typ av jobb ska du anv\u00e4nda hunden till?<\/h3>\n\n\n\n<p class=\"has-contrast-1-color has-text-color has-link-color wp-elements-61998dd1d3c858d392634cd2270b8eb1\">Vi kan ge r\u00e5d om vilken typ av hund som kan passa dina f\u00f6ruts\u00e4ttningar, vare sig det g\u00e4ller f\u00e5r, kor, eller andra djur.<\/p>\n\n\n\n<hr class=\"wp-block-separator has-text-color has-base-color has-alpha-channel-opacity has-base-background-color has-background is-style-wide\" style=\"margin-top:var(--wp--preset--spacing--30);margin-bottom:var(--wp--preset--spacing--30)\"\/>\n\n\n\n<h3 class=\"wp-block-heading alignwide has-base-2-color has-text-color has-link-color wp-elements-58a9933120f37939cda911b29b01aa0c\">Hur l\u00e4r jag hunden att valla?<\/h3>\n\n\n\n<p class=\"has-contrast-1-color has-text-color has-link-color wp-elements-c1e798d8a730c1ac9cfd014bbaefb860\">SVaKs instrukt\u00f6rer har en gedigen utbildning och v\u00e5ra lokalklubbar bedriver kursverksamhet l\u00f6pande under \u00e5ret.<br>Kontaktinfo till v\u00e5ra instrukt\u00f6rer finns p\u00e5 lokalklubbarnas hemsidor.<\/p>\n\n\n\n<hr class=\"wp-block-separator has-text-color has-base-color has-alpha-channel-opacity has-base-background-color has-background is-style-wide\" style=\"margin-top:var(--wp--preset--spacing--30);margin-bottom:var(--wp--preset--spacing--30)\"\/>\n\n\n\n<h3 class=\"wp-block-heading alignwide has-base-2-color has-text-color has-link-color wp-elements-c34fa7aa57dc47c22ef98a4be9e5f74b\">Har du inte tid att tr\u00e4na upp hunden sj\u00e4lv?<\/h3>\n\n\n\n<p class=\"has-contrast-1-color has-text-color has-link-color wp-elements-0c55958c74a80e9b1baf1671790d6620\">V\u00e5ra instrukt\u00f6rer kan f\u00f6rutom att h\u00e5lla kurser \u00e4ven ta hand om och tr\u00e4na upp din hund. Ett tips \u00e4r att k\u00f6pa en f\u00e4rdigtr\u00e4nad hund.<\/p>\n\n\n\n<hr class=\"wp-block-separator has-text-color has-base-color has-alpha-channel-opacity has-base-background-color has-background is-style-wide\" style=\"margin-top:var(--wp--preset--spacing--30);margin-bottom:var(--wp--preset--spacing--30)\"\/>\n\n\n\n<h3 class=\"wp-block-heading alignwide has-base-2-color has-text-color has-link-color wp-elements-9575ce8c715db8f1a9b1f304d0e592d6\">Beh\u00f6ver du hj\u00e4lp att s\u00e4tta ig\u00e5ng hemma?<\/h3>\n\n\n\n<p class=\"has-contrast-1-color has-text-color has-link-color wp-elements-25eed67530861337a0ad5cadb4581d04\">V\u00e5ra instrukt\u00f6rer kan komma hem till dig f\u00f6r hj\u00e4lp och r\u00e5dgivning med tr\u00e4ning och invallning av djur.<\/p>\n\n\n\n<hr class=\"wp-block-separator has-text-color has-base-color has-alpha-channel-opacity has-base-background-color has-background is-style-wide\" style=\"margin-top:var(--wp--preset--spacing--30);margin-bottom:var(--wp--preset--spacing--30)\"\/>\n\n\n\n<h3 class=\"wp-block-heading alignwide has-base-2-color has-text-color has-link-color wp-elements-a917cc1f56f867a4a0588d478d7410c1\">Gillar du att prata hund och jobb?<\/h3>\n\n\n\n<p class=\"has-contrast-1-color has-text-color has-link-color wp-elements-a14d65a16a0fcc06e675568a1ba74270\">V\u00e5ra lokalklubbar \u00e4r en ink\u00f6rsport till gemenskap med andra djur\u00e4gare.<\/p>\n\n\n\n<div style=\"margin-top:var(--wp--preset--spacing--10);margin-bottom:0;height:var(--wp--preset--spacing--10)\" aria-hidden=\"true\" class=\"wp-block-spacer\"><\/div>\n<\/div>\n<\/div>\n<\/div>\n","protected":false},"excerpt":{"rendered":"<p>K\u00f6pa Vallhund Vi hoppas kunna hj\u00e4lpa dig att hitta din nya arbetskamrat \u2013 en duktig och trogen vallhund \u2013 ett resultat av m\u00e5nga generationers m\u00e5lmedveten avel p\u00e5 arbetande hundar. De hundar som finns p\u00e5 v\u00e5r valpf\u00f6rmedling ligger p\u00e5 vallreg. Kraven \u00e4r att b\u00e4gge f\u00f6r\u00e4ldrarna ska ha minst Godk\u00e4nt vallhundsprov. Vanliga fr\u00e5gor S\u00f6ker du en hund [&hellip;]<\/p>\n","protected":false},"author":2,"featured_media":0,"parent":19,"menu_order":0,"comment_status":"closed","ping_status":"closed","template":"page-no-title","meta":{"_view_id":"","footnotes":""},"class_list":["post-15","page","type-page","status-publish","hentry"],"_links":{"self":[{"href":"https:\/\/svak.se\/index.php\/wp-json\/wp\/v2\/pages\/15","targetHints":{"allow":["GET"]}}],"collection":[{"href":"https:\/\/svak.se\/index.php\/wp-json\/wp\/v2\/pages"}],"about":[{"href":"https:\/\/svak.se\/index.php\/wp-json\/wp\/v2\/types\/page"}],"author":[{"embeddable":true,"href":"https:\/\/svak.se\/index.php\/wp-json\/wp\/v2\/users\/2"}],"replies":[{"embeddable":true,"href":"https:\/\/svak.se\/index.php\/wp-json\/wp\/v2\/comments?post=15"}],"version-history":[{"count":54,"href":"https:\/\/svak.se\/index.php\/wp-json\/wp\/v2\/pages\/15\/revisions"}],"predecessor-version":[{"id":11352,"href":"https:\/\/svak.se\/index.php\/wp-json\/wp\/v2\/pages\/15\/revisions\/11352"}],"up":[{"embeddable":true,"href":"https:\/\/svak.se\/index.php\/wp-json\/wp\/v2\/pages\/19"}],"wp:attachment":[{"href":"https:\/\/svak.se\/index.php\/wp-json\/wp\/v2\/media?parent=15"}],"curies":[{"name":"wp","href":"https:\/\/api.w.org\/{rel}","templated":true}]}}